-- MySQL dump 10.13  Distrib 8.0.46, for Win64 (x86_64)
--
-- Host: localhost    Database: library_db
-- ------------------------------------------------------
-- Server version	8.0.46

/*!40101 SET @OLD_CHARACTER_SET_CLIENT=@@CHARACTER_SET_CLIENT */;
/*!40101 SET @OLD_CHARACTER_SET_RESULTS=@@CHARACTER_SET_RESULTS */;
/*!40101 SET @OLD_COLLATION_CONNECTION=@@COLLATION_CONNECTION */;
/*!50503 SET NAMES utf8mb4 */;
/*!40103 SET @OLD_TIME_ZONE=@@TIME_ZONE */;
/*!40103 SET TIME_ZONE='+00:00' */;
/*!40014 SET @OLD_UNIQUE_CHECKS=@@UNIQUE_CHECKS, UNIQUE_CHECKS=0 */;
/*!40014 SET @OLD_FOREIGN_KEY_CHECKS=@@FOREIGN_KEY_CHECKS, FOREIGN_KEY_CHECKS=0 */;
/*!40101 SET @OLD_SQL_MODE=@@SQL_MODE, SQL_MODE='NO_AUTO_VALUE_ON_ZERO' */;
/*!40111 SET @OLD_SQL_NOTES=@@SQL_NOTES, SQL_NOTES=0 */;

--
-- Table structure for table `authors`
--

DROP TABLE IF EXISTS `authors`;
/*!40101 SET @saved_cs_client     = @@character_set_client */;
/*!50503 SET character_set_client = utf8mb4 */;
CREATE TABLE `authors` (
  `id` int unsigned NOT NULL AUTO_INCREMENT,
  `name` varchar(100) NOT NULL,
  `address` text,
  PRIMARY KEY (`id`)
) ENGINE=InnoDB AUTO_INCREMENT=11 DEFAULT CHARSET=utf8mb4 COLLATE=utf8mb4_0900_ai_ci;
/*!40101 SET character_set_client = @saved_cs_client */;

--
-- Dumping data for table `authors`
--

LOCK TABLES `authors` WRITE;
/*!40000 ALTER TABLE `authors` DISABLE KEYS */;
INSERT INTO `authors` VALUES (1,'Рева Иван Леонидович','НГТУ, Мстители: Отдел автоматики'),(2,'Гунько Андрей Васильевич','НГТУ, Щ.И.Т.: Сектор веб-программирования'),(3,'Куленко Станислав Владимирович','НГТУ, Люди Икс: Лаборатория 3.14'),(4,'Зайкина Злата Михайловна','НГТУ, Стражи Галактики: Отдел печенек'),(5,'Павлов Александр Валерьевич','НГТУ, Ваканда: а может в академ?'),(6,'Трошина Галина Васильева','НГТУ, Чёрная Вдова: Тихий надзор'),(7,'Зайцева Татьяна Ивановна','НГТУ, Доктор Стрэндж: Кофе-портал'),(8,'Лауферман Ольга Викторовна','НГТУ, Человек-муравей: Ночной дозор'),(9,'Подружин Евгений Герасимович','НГТУ, Тор: Молот автомата'),(10,'Меньшикова Лариса Владимировна','НГТУ, Капитан Марвел: Вижу всё');
/*!40000 ALTER TABLE `authors` ENABLE KEYS */;
UNLOCK TABLES;

--
-- Table structure for table `books`
--

DROP TABLE IF EXISTS `books`;
/*!40101 SET @saved_cs_client     = @@character_set_client */;
/*!50503 SET character_set_client = utf8mb4 */;
CREATE TABLE `books` (
  `id` int unsigned NOT NULL AUTO_INCREMENT,
  `title` varchar(150) NOT NULL,
  `year` year DEFAULT NULL,
  `price` float(7,2) DEFAULT NULL,
  `firm` varchar(100) DEFAULT NULL,
  `author_id` int unsigned NOT NULL,
  `publisher_id` int unsigned NOT NULL,
  PRIMARY KEY (`id`),
  KEY `author_id` (`author_id`),
  KEY `publisher_id` (`publisher_id`),
  CONSTRAINT `books_ibfk_1` FOREIGN KEY (`author_id`) REFERENCES `authors` (`id`) ON DELETE CASCADE,
  CONSTRAINT `books_ibfk_2` FOREIGN KEY (`publisher_id`) REFERENCES `publishers` (`id`) ON DELETE CASCADE
) ENGINE=InnoDB AUTO_INCREMENT=11 DEFAULT CHARSET=utf8mb4 COLLATE=utf8mb4_0900_ai_ci;
/*!40101 SET character_set_client = @saved_cs_client */;

--
-- Dumping data for table `books`
--

LOCK TABLES `books` WRITE;
/*!40000 ALTER TABLE `books` DISABLE KEYS */;
INSERT INTO `books` VALUES (1,'Как сдать лабу, если ты паук',2024,1349.10,'Читай-Город',1,1),(2,'Бэтмен против деканата',2023,1169.10,'Лабиринт',2,2),(3,'Тор и потерянный автомат с дошиком',2025,899.10,'Озон',3,3),(4,'Железный студент: война с дедлайном',2024,1799.10,'Book24',4,1),(5,'Чёрная вдова: шпионские шпоры',2023,809.10,'Магеллан',5,5),(6,'Доктор Стрэндж: мультивселенная долгов',2025,1439.10,'Читай-Город',6,1),(7,'Ванда: красный диплом и хаос',2024,989.10,'Лабиринт',7,4),(8,'Капитан пересдача: зимняя сессия',2023,1259.10,'Wildberries',8,2),(10,'Люк Кейдж: несгибаемый второкурсник',2024,1079.10,'Книжный Дозор',10,1);
/*!40000 ALTER TABLE `books` ENABLE KEYS */;
UNLOCK TABLES;

--
-- Table structure for table `publishers`
--

DROP TABLE IF EXISTS `publishers`;
/*!40101 SET @saved_cs_client     = @@character_set_client */;
/*!50503 SET character_set_client = utf8mb4 */;
CREATE TABLE `publishers` (
  `id` int unsigned NOT NULL AUTO_INCREMENT,
  `name` varchar(100) NOT NULL,
  `address` text,
  PRIMARY KEY (`id`)
) ENGINE=InnoDB AUTO_INCREMENT=6 DEFAULT CHARSET=utf8mb4 COLLATE=utf8mb4_0900_ai_ci;
/*!40101 SET character_set_client = @saved_cs_client */;

--
-- Dumping data for table `publishers`
--

LOCK TABLES `publishers` WRITE;
/*!40000 ALTER TABLE `publishers` DISABLE KEYS */;
INSERT INTO `publishers` VALUES (1,'Марвель Учебный Центр','Москва, ул. Студенческая, д. 616'),(2,'Готэм Пресс','Санкт-Петербург, Лиговский пр., д. 13'),(3,'Асгардский Универ','Новосибирск, Красный пр., д. 42'),(4,'Ваканда Тех Лит','Екатеринбург, пр. Ленина, д. 7'),(5,'Оса Бюро','Томск, ул. Пирогова, д. 23');
/*!40000 ALTER TABLE `publishers` ENABLE KEYS */;
UNLOCK TABLES;
/*!40103 SET TIME_ZONE=@OLD_TIME_ZONE */;

/*!40101 SET SQL_MODE=@OLD_SQL_MODE */;
/*!40014 SET FOREIGN_KEY_CHECKS=@OLD_FOREIGN_KEY_CHECKS */;
/*!40014 SET UNIQUE_CHECKS=@OLD_UNIQUE_CHECKS */;
/*!40101 SET CHARACTER_SET_CLIENT=@OLD_CHARACTER_SET_CLIENT */;
/*!40101 SET CHARACTER_SET_RESULTS=@OLD_CHARACTER_SET_RESULTS */;
/*!40101 SET COLLATION_CONNECTION=@OLD_COLLATION_CONNECTION */;
/*!40111 SET SQL_NOTES=@OLD_SQL_NOTES */;

-- Dump completed on 2026-05-12 15:23:48
