-- MariaDB dump 10.19  Distrib 10.5.23-MariaDB, for Linux (x86_64)
--
-- Host: localhost    Database: user113
-- ------------------------------------------------------
-- Server version	10.5.23-MariaDB

/*!40101 SET @OLD_CHARACTER_SET_CLIENT=@@CHARACTER_SET_CLIENT */;
/*!40101 SET @OLD_CHARACTER_SET_RESULTS=@@CHARACTER_SET_RESULTS */;
/*!40101 SET @OLD_COLLATION_CONNECTION=@@COLLATION_CONNECTION */;
/*!40101 SET NAMES utf8mb4 */;
/*!40103 SET @OLD_TIME_ZONE=@@TIME_ZONE */;
/*!40103 SET TIME_ZONE='+00:00' */;
/*!40014 SET @OLD_UNIQUE_CHECKS=@@UNIQUE_CHECKS, UNIQUE_CHECKS=0 */;
/*!40014 SET @OLD_FOREIGN_KEY_CHECKS=@@FOREIGN_KEY_CHECKS, FOREIGN_KEY_CHECKS=0 */;
/*!40101 SET @OLD_SQL_MODE=@@SQL_MODE, SQL_MODE='NO_AUTO_VALUE_ON_ZERO' */;
/*!40111 SET @OLD_SQL_NOTES=@@SQL_NOTES, SQL_NOTES=0 */;

--
-- Table structure for table `categories`
--

DROP TABLE IF EXISTS `categories`;
/*!40101 SET @saved_cs_client     = @@character_set_client */;
/*!40101 SET character_set_client = utf8 */;
CREATE TABLE `categories` (
  `category_id` int(11) NOT NULL AUTO_INCREMENT,
  `category_name` varchar(50) NOT NULL,
  PRIMARY KEY (`category_id`),
  UNIQUE KEY `category_name` (`category_name`)
) ENGINE=InnoDB AUTO_INCREMENT=20 DEFAULT CHARSET=utf8 COLLATE=utf8_general_ci;
/*!40101 SET character_set_client = @saved_cs_client */;

--
-- Dumping data for table `categories`
--

LOCK TABLES `categories` WRITE;
/*!40000 ALTER TABLE `categories` DISABLE KEYS */;
INSERT INTO `categories` VALUES (1,'Диван'),(14,'Картина'),(13,'Ковёр'),(5,'Комод'),(2,'Кресло'),(16,'Кровать'),(7,'Люстра'),(10,'Настенный светильник'),(9,'Настольная лампа'),(12,'Подушка'),(19,'Покрывало'),(18,'Пуф'),(6,'Стеллаж'),(3,'Стол'),(4,'Стул'),(8,'Торшер'),(17,'Тумба'),(15,'Часы'),(11,'Шторы');
/*!40000 ALTER TABLE `categories` ENABLE KEYS */;
UNLOCK TABLES;

--
-- Table structure for table `clients`
--

DROP TABLE IF EXISTS `clients`;
/*!40101 SET @saved_cs_client     = @@character_set_client */;
/*!40101 SET character_set_client = utf8 */;
CREATE TABLE `clients` (
  `client_id` int(11) NOT NULL AUTO_INCREMENT,
  `client_name` varchar(300) NOT NULL,
  PRIMARY KEY (`client_id`)
) ENGINE=InnoDB AUTO_INCREMENT=25 DEFAULT CHARSET=utf8 COLLATE=utf8_general_ci;
/*!40101 SET character_set_client = @saved_cs_client */;

--
-- Dumping data for table `clients`
--

LOCK TABLES `clients` WRITE;
/*!40000 ALTER TABLE `clients` DISABLE KEYS */;
INSERT INTO `clients` VALUES (1,'Агафонова Анна'),(2,'Бутаков Антон'),(3,'Бутакова Анна'),(4,'Базанов Кирилл'),(5,'Редько Даниил'),(6,'Буркут Виолетта'),(7,'Бехтерева Лидия'),(8,'Гырылова Аяна'),(9,'Давыдова Екатерина'),(10,'Антипина Виктория'),(11,'Иванов Антон'),(12,'Грибанова Радислава'),(13,'Кузьминская Оксана'),(14,'Кононова Маргарита'),(15,'Мазутова Алёна'),(16,'Нефёдова Валентина'),(17,'Демидова Алёна'),(18,'Коротких Светлана'),(19,'Сахиров Кирилл'),(20,'Лесовой Илья'),(21,'Воробьёв Владислав'),(22,'Якушева Анастасия'),(23,'Шевченко Дарья'),(24,'Брюханов Роман');
/*!40000 ALTER TABLE `clients` ENABLE KEYS */;
UNLOCK TABLES;

--
-- Table structure for table `items`
--

DROP TABLE IF EXISTS `items`;
/*!40101 SET @saved_cs_client     = @@character_set_client */;
/*!40101 SET character_set_client = utf8 */;
CREATE TABLE `items` (
  `item_id` int(11) NOT NULL AUTO_INCREMENT,
  `item_name` varchar(200) NOT NULL,
  `category_id` int(11) DEFAULT NULL,
  `price` decimal(10,2) NOT NULL,
  PRIMARY KEY (`item_id`),
  KEY `category_id` (`category_id`),
  CONSTRAINT `items_ibfk_1` FOREIGN KEY (`category_id`) REFERENCES `categories` (`category_id`)
) ENGINE=InnoDB AUTO_INCREMENT=21 DEFAULT CHARSET=utf8 COLLATE=utf8_general_ci;
/*!40101 SET character_set_client = @saved_cs_client */;

--
-- Dumping data for table `items`
--

LOCK TABLES `items` WRITE;
/*!40000 ALTER TABLE `items` DISABLE KEYS */;
INSERT INTO `items` VALUES (1,'Диван \"Марибель\"',1,11400.00),(2,'Диван \"Магнолия\"',1,16500.00),(3,'Напольная лампа \"Catena\"',8,94000.00),(4,'Угловой диван \"GLOSTAD\"',1,28000.00),(5,'Кресло \"ARSUNDA\"',2,13700.00),(6,'Кресло \"MANTA\"',2,192299.00),(7,'Пуф \"BUBBLE\"',18,219270.00),(8,'Кровать \"Алвис\"',16,43400.00),(9,'Кровать \"Лорен\"',16,30640.00),(10,'Стул \"Алвис\"',4,21550.00),(12,'Стол \"Лоретто\"',3,90000.00),(13,'Тумбочка \"Small Ghost Buster\"',17,54200.00),(14,'Диван \"Asia\"',1,480000.00),(15,'Светильник настенный \"Tea\"',10,228000.00),(16,'Ковёр \"Rug\"',13,200000.00),(17,'Кровать \"Laura\"',16,59500.00),(18,'Диван \"Dor\"',1,59194.00),(19,'Подушка \"Napoli\"',12,74999.00),(20,'Комод \"ADONE CHEST\"',5,200000.00);
/*!40000 ALTER TABLE `items` ENABLE KEYS */;
UNLOCK TABLES;

--
-- Table structure for table `sales`
--

DROP TABLE IF EXISTS `sales`;
/*!40101 SET @saved_cs_client     = @@character_set_client */;
/*!40101 SET character_set_client = utf8 */;
CREATE TABLE `sales` (
  `sale_id` int(11) NOT NULL AUTO_INCREMENT,
  `item_id` int(11) NOT NULL,
  `client_id` int(11) DEFAULT NULL,
  `sale_date` timestamp NOT NULL DEFAULT current_timestamp(),
  PRIMARY KEY (`sale_id`),
  KEY `item_id` (`item_id`),
  KEY `client_id` (`client_id`),
  CONSTRAINT `sales_ibfk_1` FOREIGN KEY (`item_id`) REFERENCES `items` (`item_id`),
  CONSTRAINT `sales_ibfk_2` FOREIGN KEY (`client_id`) REFERENCES `clients` (`client_id`)
) ENGINE=InnoDB AUTO_INCREMENT=9 DEFAULT CHARSET=utf8 COLLATE=utf8_general_ci;
/*!40101 SET character_set_client = @saved_cs_client */;

--
-- Dumping data for table `sales`
--

LOCK TABLES `sales` WRITE;
/*!40000 ALTER TABLE `sales` DISABLE KEYS */;
INSERT INTO `sales` VALUES (1,16,24,'2025-12-09 17:00:00'),(2,5,9,'2025-11-08 17:00:00'),(3,19,15,'2024-09-13 17:00:00'),(4,10,9,'2025-12-07 17:00:00'),(5,17,19,'2024-12-15 17:00:00'),(6,18,23,'2025-01-09 17:00:00'),(7,3,8,'2025-12-12 17:00:00'),(8,15,9,'2025-10-15 17:00:00');
/*!40000 ALTER TABLE `sales` ENABLE KEYS */;
UNLOCK TABLES;
/*!40103 SET TIME_ZONE=@OLD_TIME_ZONE */;

/*!40101 SET SQL_MODE=@OLD_SQL_MODE */;
/*!40014 SET FOREIGN_KEY_CHECKS=@OLD_FOREIGN_KEY_CHECKS */;
/*!40014 SET UNIQUE_CHECKS=@OLD_UNIQUE_CHECKS */;
/*!40101 SET CHARACTER_SET_CLIENT=@OLD_CHARACTER_SET_CLIENT */;
/*!40101 SET CHARACTER_SET_RESULTS=@OLD_CHARACTER_SET_RESULTS */;
/*!40101 SET COLLATION_CONNECTION=@OLD_COLLATION_CONNECTION */;
/*!40111 SET SQL_NOTES=@OLD_SQL_NOTES */;

-- Dump completed on 2026-02-19 21:09:43
